{"id":503,"date":"2020-11-06T10:23:39","date_gmt":"2020-11-06T09:23:39","guid":{"rendered":"http:\/\/www.isidata.de\/?page_id=503"},"modified":"2021-09-27T14:26:18","modified_gmt":"2021-09-27T12:26:18","slug":"uebersteigerzaehlung","status":"publish","type":"page","link":"https:\/\/www.isidata.de\/?page_id=503","title":{"rendered":"\u00dcbersteigerz\u00e4hlung"},"content":{"rendered":"\t\t<div data-elementor-type=\"wp-page\" data-elementor-id=\"503\" class=\"elementor elementor-503\">\n\t\t\t\t\t\t<section class=\"elementor-section elementor-top-section elementor-element elementor-element-be5ce7f elementor-section-boxed elementor-section-height-default elementor-section-height-default\" data-id=\"be5ce7f\" data-element_type=\"section\" data-e-type=\"section\">\n\t\t\t\t\t\t<div class=\"elementor-container elementor-column-gap-default\">\n\t\t\t\t\t<div class=\"elementor-column elementor-col-100 elementor-top-column elementor-element elementor-element-d886aa3\" data-id=\"d886aa3\" data-element_type=\"column\" data-e-type=\"column\">\n\t\t\t<div class=\"elementor-widget-wrap elementor-element-populated\">\n\t\t\t\t\t\t<div class=\"elementor-element elementor-element-20a789a elementor-widget elementor-widget-text-editor\" data-id=\"20a789a\" data-element_type=\"widget\" data-e-type=\"widget\" data-widget_type=\"text-editor.default\">\n\t\t\t\t<div class=\"elementor-widget-container\">\n\t\t\t\t\t\t\t\t\t<p>Auch f\u00fcr die \u00dcbersteigerz\u00e4hlung im VRR oder VGM\/VRL bietet <i><b>vip<\/b><\/i> eine Komplettl\u00f6sung. Dies gilt sowohl f\u00fcr die kombinierte Z\u00e4hlung mit der Schwerbehindertenz\u00e4hlung (SBZ) als auch f\u00fcr die separate Z\u00e4hlung. Die Planung und Durchf\u00fchrung wird optimal unterst\u00fctzt, wobei\u00a0insbesondere bei der kombinierten Z\u00e4hlung auch den neuerlich erweiterterten VRR-Richtlinien voll Rechnung getragen wird.<\/p><p>In der Z\u00e4hldienstplanung k\u00f6nnen gem\u00e4\u00df Empfehlung der VRR-Richtlinie zur Einnahmeaufteilung zuerst die f\u00fcr die SBZ notwendigen Z\u00e4hlfahrten festgelegt werden. Anschlie\u00dfend werden die zus\u00e4tzlichen Fahrten f\u00fcr die gesplittete erste Wochenzeitschicht zur Fremdnutzererhebung eingeteilt. F\u00fcr die Erhebungs\u00fcbersicht kann dabei jederzeit zwischen beiden Schichtungen gewechselt werden, so dass die Stichprobenerf\u00fcllung optimal gepr\u00fcft werden kann. Hierbei werden beide Methoden der Z\u00e4hlfahrtenauswahl unterst\u00fctzt, d.h. die Z\u00e4hlfahrten k\u00f6nnen \u00fcber ein Zufallsverfahren oder aber durch suggestive Einteilung w\u00e4hrend der Z\u00e4hldienstbildung gew\u00e4hlt werden.<\/p>\t\t\t\t\t\t\t\t<\/div>\n\t\t\t\t<\/div>\n\t\t\t\t\t<\/div>\n\t\t<\/div>\n\t\t\t\t\t<\/div>\n\t\t<\/section>\n\t\t\t\t<\/div>\n\t\t","protected":false},"excerpt":{"rendered":"<p>Auch f\u00fcr die \u00dcbersteigerz\u00e4hlung im VRR oder VGM\/VRL bietet vip eine Komplettl\u00f6sung. Dies gilt sowohl f\u00fcr die kombinierte Z\u00e4hlung mit der Schwerbehindertenz\u00e4hlung (SBZ) als auch f\u00fcr die separate Z\u00e4hlung. Die Planung und Durchf\u00fchrung wird optimal unterst\u00fctzt, wobei&nbsp;insbesondere bei der kombinierten Z\u00e4hlung auch den neuerlich erweiterterten VRR-Richtlinien voll Rechnung getragen wird. In der Z\u00e4hldienstplanung k\u00f6nnen gem\u00e4\u00df [&hellip;]<\/p>\n","protected":false},"author":4,"featured_media":0,"parent":199,"menu_order":0,"comment_status":"closed","ping_status":"closed","template":"","meta":{"ocean_post_layout":"","ocean_both_sidebars_style":"","ocean_both_sidebars_content_width":0,"ocean_both_sidebars_sidebars_width":0,"ocean_sidebar":"0","ocean_second_sidebar":"0","ocean_disable_margins":"enable","ocean_add_body_class":"","ocean_shortcode_before_top_bar":"","ocean_shortcode_after_top_bar":"","ocean_shortcode_before_header":"","ocean_shortcode_after_header":"","ocean_has_shortcode":"","ocean_shortcode_after_title":"","ocean_shortcode_before_footer_widgets":"","ocean_shortcode_after_footer_widgets":"","ocean_shortcode_before_footer_bottom":"","ocean_shortcode_after_footer_bottom":"","ocean_display_top_bar":"default","ocean_display_header":"default","ocean_header_style":"","ocean_center_header_left_menu":"0","ocean_custom_header_template":"0","ocean_custom_logo":0,"ocean_custom_retina_logo":0,"ocean_custom_logo_max_width":0,"ocean_custom_logo_tablet_max_width":0,"ocean_custom_logo_mobile_max_width":0,"ocean_custom_logo_max_height":0,"ocean_custom_logo_tablet_max_height":0,"ocean_custom_logo_mobile_max_height":0,"ocean_header_custom_menu":"0","ocean_menu_typo_font_family":"0","ocean_menu_typo_font_subset":"","ocean_menu_typo_font_size":0,"ocean_menu_typo_font_size_tablet":0,"ocean_menu_typo_font_size_mobile":0,"ocean_menu_typo_font_size_unit":"px","ocean_menu_typo_font_weight":"","ocean_menu_typo_font_weight_tablet":"","ocean_menu_typo_font_weight_mobile":"","ocean_menu_typo_transform":"","ocean_menu_typo_transform_tablet":"","ocean_menu_typo_transform_mobile":"","ocean_menu_typo_line_height":0,"ocean_menu_typo_line_height_tablet":0,"ocean_menu_typo_line_height_mobile":0,"ocean_menu_typo_line_height_unit":"","ocean_menu_typo_spacing":0,"ocean_menu_typo_spacing_tablet":0,"ocean_menu_typo_spacing_mobile":0,"ocean_menu_typo_spacing_unit":"","ocean_menu_link_color":"","ocean_menu_link_color_hover":"","ocean_menu_link_color_active":"","ocean_menu_link_background":"","ocean_menu_link_hover_background":"","ocean_menu_link_active_background":"","ocean_menu_social_links_bg":"","ocean_menu_social_hover_links_bg":"","ocean_menu_social_links_color":"","ocean_menu_social_hover_links_color":"","ocean_disable_title":"default","ocean_disable_heading":"default","ocean_post_title":"","ocean_post_subheading":"","ocean_post_title_style":"","ocean_post_title_background_color":"","ocean_post_title_background":0,"ocean_post_title_bg_image_position":"","ocean_post_title_bg_image_attachment":"","ocean_post_title_bg_image_repeat":"","ocean_post_title_bg_image_size":"","ocean_post_title_height":0,"ocean_post_title_bg_overlay":0.5,"ocean_post_title_bg_overlay_color":"","ocean_disable_breadcrumbs":"default","ocean_breadcrumbs_color":"","ocean_breadcrumbs_separator_color":"","ocean_breadcrumbs_links_color":"","ocean_breadcrumbs_links_hover_color":"","ocean_display_footer_widgets":"default","ocean_display_footer_bottom":"default","ocean_custom_footer_template":"0","footnotes":""},"class_list":["post-503","page","type-page","status-publish","hentry","entry"],"_links":{"self":[{"href":"https:\/\/www.isidata.de\/index.php?rest_route=\/wp\/v2\/pages\/503","targetHints":{"allow":["GET"]}}],"collection":[{"href":"https:\/\/www.isidata.de\/index.php?rest_route=\/wp\/v2\/pages"}],"about":[{"href":"https:\/\/www.isidata.de\/index.php?rest_route=\/wp\/v2\/types\/page"}],"author":[{"embeddable":true,"href":"https:\/\/www.isidata.de\/index.php?rest_route=\/wp\/v2\/users\/4"}],"replies":[{"embeddable":true,"href":"https:\/\/www.isidata.de\/index.php?rest_route=%2Fwp%2Fv2%2Fcomments&post=503"}],"version-history":[{"count":44,"href":"https:\/\/www.isidata.de\/index.php?rest_route=\/wp\/v2\/pages\/503\/revisions"}],"predecessor-version":[{"id":1392,"href":"https:\/\/www.isidata.de\/index.php?rest_route=\/wp\/v2\/pages\/503\/revisions\/1392"}],"up":[{"embeddable":true,"href":"https:\/\/www.isidata.de\/index.php?rest_route=\/wp\/v2\/pages\/199"}],"wp:attachment":[{"href":"https:\/\/www.isidata.de\/index.php?rest_route=%2Fwp%2Fv2%2Fmedia&parent=503"}],"curies":[{"name":"wp","href":"https:\/\/api.w.org\/{rel}","templated":true}]}}