{"id":299,"date":"2020-10-30T14:56:02","date_gmt":"2020-10-30T13:56:02","guid":{"rendered":"http:\/\/www.isidata.de\/?page_id=299"},"modified":"2025-05-16T15:29:32","modified_gmt":"2025-05-16T13:29:32","slug":"schwerbehindertenzaehlung","status":"publish","type":"page","link":"https:\/\/www.isidata.de\/?page_id=299","title":{"rendered":"Schwerbehindertenz\u00e4hlung"},"content":{"rendered":"\t\t<div data-elementor-type=\"wp-page\" data-elementor-id=\"299\" class=\"elementor elementor-299\">\n\t\t\t\t\t\t<section class=\"elementor-section elementor-top-section elementor-element elementor-element-476bbfc elementor-section-boxed elementor-section-height-default elementor-section-height-default\" data-id=\"476bbfc\" data-element_type=\"section\" data-e-type=\"section\">\n\t\t\t\t\t\t<div class=\"elementor-container elementor-column-gap-default\">\n\t\t\t\t\t<div class=\"elementor-column elementor-col-100 elementor-top-column elementor-element elementor-element-b670b3b\" data-id=\"b670b3b\" data-element_type=\"column\" data-e-type=\"column\">\n\t\t\t<div class=\"elementor-widget-wrap elementor-element-populated\">\n\t\t\t\t\t\t<div class=\"elementor-element elementor-element-56af659 elementor-widget elementor-widget-text-editor\" data-id=\"56af659\" data-element_type=\"widget\" data-e-type=\"widget\" data-widget_type=\"text-editor.default\">\n\t\t\t\t<div class=\"elementor-widget-container\">\n\t\t\t\t\t\t\t\t\t<p>Durch den Einsatz von <i><b>vip<\/b><\/i> kann der Zeitbedarf sowohl in der Planung, als auch in der Vorbereitung einer Schwerbehindertenz\u00e4hlung erheblich reduziert werden. Hier bietet <strong><em>vip<\/em><\/strong> folgende Vorteile:<\/p><div><ul><li>Automatisierte, kalendergest\u00fctzte \u00dcbernahme der Fahrtmasse aus dem Fahrplansystem<\/li><li>Individuelle\u00a0Festlegung der Schichtung der Fahrten, indem die Zuordnung zu den Linien bzw. Richtungen\u00a0f\u00fcr die Erfordernisse der Schwerbehindertenz\u00e4hlung modifiziert werden kann<\/li><li>Definition der Z\u00e4hlfahrten durch ein zufallsbasiertes Auswahlverfahren oder im Rahmen der Dienstbildung<\/li><li>Schnelle Erstellung eines optimalen Z\u00e4hlereinsatzplans mit Hilfe der Dienstplanung<\/li><li>Automatische Generierung der Z\u00e4hlerunterlagen, die auf die betrieblichen Belange angepasst werden k\u00f6nnen<\/li><li>Pr\u00fcfungen auf Datenkonsistenz und Vollst\u00e4ndigkeit<\/li><li>Berechnung des Schwerbehindertenquotienten<ul><li>f\u00fcr die gesamte Z\u00e4hlung<\/li><li>f\u00fcr einzelne Erhebungsperioden<\/li><li>f\u00fcr einzelne Erhebungslinien bzw. Linienbereiche<\/li><\/ul><\/li><li>Detaillierte Auswertung zum Schwerbehindertenquotienten, sodass die Berechnung nachvollziehbar ist<\/li><\/ul><\/div>\t\t\t\t\t\t\t\t<\/div>\n\t\t\t\t<\/div>\n\t\t\t\t\t<\/div>\n\t\t<\/div>\n\t\t\t\t\t<\/div>\n\t\t<\/section>\n\t\t\t\t<section class=\"elementor-section elementor-top-section elementor-element elementor-element-ceec242 elementor-section-boxed elementor-section-height-default elementor-section-height-default\" data-id=\"ceec242\" data-element_type=\"section\" data-e-type=\"section\">\n\t\t\t\t\t\t<div class=\"elementor-container elementor-column-gap-default\">\n\t\t\t\t\t<div class=\"elementor-column elementor-col-100 elementor-top-column elementor-element elementor-element-1637fad\" data-id=\"1637fad\" data-element_type=\"column\" data-e-type=\"column\">\n\t\t\t<div class=\"elementor-widget-wrap elementor-element-populated\">\n\t\t\t\t\t\t<div class=\"elementor-element elementor-element-f62e0ab elementor-widget elementor-widget-image\" data-id=\"f62e0ab\" data-element_type=\"widget\" data-e-type=\"widget\" data-widget_type=\"image.default\">\n\t\t\t\t<div class=\"elementor-widget-container\">\n\t\t\t\t\t\t\t\t\t\t\t\t\t\t\t<img fetchpriority=\"high\" decoding=\"async\" width=\"992\" height=\"819\" src=\"https:\/\/www.isidata.de\/wp-content\/uploads\/2025\/05\/Zaehler992x819.png\" class=\"attachment-large size-large wp-image-1492\" alt=\"\" srcset=\"https:\/\/www.isidata.de\/wp-content\/uploads\/2025\/05\/Zaehler992x819.png 992w, https:\/\/www.isidata.de\/wp-content\/uploads\/2025\/05\/Zaehler992x819-300x248.png 300w, https:\/\/www.isidata.de\/wp-content\/uploads\/2025\/05\/Zaehler992x819-768x634.png 768w\" sizes=\"(max-width: 992px) 100vw, 992px\" \/>\t\t\t\t\t\t\t\t\t\t\t\t\t\t\t<\/div>\n\t\t\t\t<\/div>\n\t\t\t\t\t<\/div>\n\t\t<\/div>\n\t\t\t\t\t<\/div>\n\t\t<\/section>\n\t\t\t\t<\/div>\n\t\t","protected":false},"excerpt":{"rendered":"<p>Durch den Einsatz von vip kann der Zeitbedarf sowohl in der Planung, als auch in der Vorbereitung einer Schwerbehindertenz\u00e4hlung erheblich reduziert werden. Hier bietet vip folgende Vorteile: Automatisierte, kalendergest\u00fctzte \u00dcbernahme der Fahrtmasse aus dem Fahrplansystem Individuelle\u00a0Festlegung der Schichtung der Fahrten, indem die Zuordnung zu den Linien bzw. Richtungen\u00a0f\u00fcr die Erfordernisse der Schwerbehindertenz\u00e4hlung modifiziert werden kann [&hellip;]<\/p>\n","protected":false},"author":4,"featured_media":0,"parent":199,"menu_order":0,"comment_status":"closed","ping_status":"closed","template":"","meta":{"ocean_post_layout":"","ocean_both_sidebars_style":"","ocean_both_sidebars_content_width":0,"ocean_both_sidebars_sidebars_width":0,"ocean_sidebar":"0","ocean_second_sidebar":"0","ocean_disable_margins":"enable","ocean_add_body_class":"","ocean_shortcode_before_top_bar":"","ocean_shortcode_after_top_bar":"","ocean_shortcode_before_header":"","ocean_shortcode_after_header":"","ocean_has_shortcode":"","ocean_shortcode_after_title":"","ocean_shortcode_before_footer_widgets":"","ocean_shortcode_after_footer_widgets":"","ocean_shortcode_before_footer_bottom":"","ocean_shortcode_after_footer_bottom":"","ocean_display_top_bar":"default","ocean_display_header":"default","ocean_header_style":"","ocean_center_header_left_menu":"0","ocean_custom_header_template":"0","ocean_custom_logo":0,"ocean_custom_retina_logo":0,"ocean_custom_logo_max_width":0,"ocean_custom_logo_tablet_max_width":0,"ocean_custom_logo_mobile_max_width":0,"ocean_custom_logo_max_height":0,"ocean_custom_logo_tablet_max_height":0,"ocean_custom_logo_mobile_max_height":0,"ocean_header_custom_menu":"0","ocean_menu_typo_font_family":"0","ocean_menu_typo_font_subset":"","ocean_menu_typo_font_size":0,"ocean_menu_typo_font_size_tablet":0,"ocean_menu_typo_font_size_mobile":0,"ocean_menu_typo_font_size_unit":"px","ocean_menu_typo_font_weight":"","ocean_menu_typo_font_weight_tablet":"","ocean_menu_typo_font_weight_mobile":"","ocean_menu_typo_transform":"","ocean_menu_typo_transform_tablet":"","ocean_menu_typo_transform_mobile":"","ocean_menu_typo_line_height":0,"ocean_menu_typo_line_height_tablet":0,"ocean_menu_typo_line_height_mobile":0,"ocean_menu_typo_line_height_unit":"","ocean_menu_typo_spacing":0,"ocean_menu_typo_spacing_tablet":0,"ocean_menu_typo_spacing_mobile":0,"ocean_menu_typo_spacing_unit":"","ocean_menu_link_color":"","ocean_menu_link_color_hover":"","ocean_menu_link_color_active":"","ocean_menu_link_background":"","ocean_menu_link_hover_background":"","ocean_menu_link_active_background":"","ocean_menu_social_links_bg":"","ocean_menu_social_hover_links_bg":"","ocean_menu_social_links_color":"","ocean_menu_social_hover_links_color":"","ocean_disable_title":"default","ocean_disable_heading":"default","ocean_post_title":"","ocean_post_subheading":"","ocean_post_title_style":"","ocean_post_title_background_color":"","ocean_post_title_background":0,"ocean_post_title_bg_image_position":"","ocean_post_title_bg_image_attachment":"","ocean_post_title_bg_image_repeat":"","ocean_post_title_bg_image_size":"","ocean_post_title_height":0,"ocean_post_title_bg_overlay":0.5,"ocean_post_title_bg_overlay_color":"","ocean_disable_breadcrumbs":"default","ocean_breadcrumbs_color":"","ocean_breadcrumbs_separator_color":"","ocean_breadcrumbs_links_color":"","ocean_breadcrumbs_links_hover_color":"","ocean_display_footer_widgets":"default","ocean_display_footer_bottom":"default","ocean_custom_footer_template":"0","footnotes":""},"class_list":["post-299","page","type-page","status-publish","hentry","entry"],"_links":{"self":[{"href":"https:\/\/www.isidata.de\/index.php?rest_route=\/wp\/v2\/pages\/299","targetHints":{"allow":["GET"]}}],"collection":[{"href":"https:\/\/www.isidata.de\/index.php?rest_route=\/wp\/v2\/pages"}],"about":[{"href":"https:\/\/www.isidata.de\/index.php?rest_route=\/wp\/v2\/types\/page"}],"author":[{"embeddable":true,"href":"https:\/\/www.isidata.de\/index.php?rest_route=\/wp\/v2\/users\/4"}],"replies":[{"embeddable":true,"href":"https:\/\/www.isidata.de\/index.php?rest_route=%2Fwp%2Fv2%2Fcomments&post=299"}],"version-history":[{"count":32,"href":"https:\/\/www.isidata.de\/index.php?rest_route=\/wp\/v2\/pages\/299\/revisions"}],"predecessor-version":[{"id":1498,"href":"https:\/\/www.isidata.de\/index.php?rest_route=\/wp\/v2\/pages\/299\/revisions\/1498"}],"up":[{"embeddable":true,"href":"https:\/\/www.isidata.de\/index.php?rest_route=\/wp\/v2\/pages\/199"}],"wp:attachment":[{"href":"https:\/\/www.isidata.de\/index.php?rest_route=%2Fwp%2Fv2%2Fmedia&parent=299"}],"curies":[{"name":"wp","href":"https:\/\/api.w.org\/{rel}","templated":true}]}}