{"id":199,"date":"2020-10-29T11:49:17","date_gmt":"2020-10-29T10:49:17","guid":{"rendered":"http:\/\/www.isidata.de\/?page_id=199"},"modified":"2025-05-16T15:27:42","modified_gmt":"2025-05-16T13:27:42","slug":"vip-verkehrsinformations-und-planungssystem","status":"publish","type":"page","link":"https:\/\/www.isidata.de\/?page_id=199","title":{"rendered":"<b><i>vip<\/i><\/b> &#8211; Verkehrsinformations- und Planungssystem"},"content":{"rendered":"\t\t<div data-elementor-type=\"wp-page\" data-elementor-id=\"199\" class=\"elementor elementor-199\">\n\t\t\t\t\t\t<section class=\"elementor-section elementor-top-section elementor-element elementor-element-a6bbadc elementor-section-boxed elementor-section-height-default elementor-section-height-default\" data-id=\"a6bbadc\" data-element_type=\"section\" data-e-type=\"section\">\n\t\t\t\t\t\t<div class=\"elementor-container elementor-column-gap-default\">\n\t\t\t\t\t<div class=\"elementor-column elementor-col-100 elementor-top-column elementor-element elementor-element-825c12e\" data-id=\"825c12e\" data-element_type=\"column\" data-e-type=\"column\">\n\t\t\t<div class=\"elementor-widget-wrap elementor-element-populated\">\n\t\t\t\t\t\t<div class=\"elementor-element elementor-element-f914541 elementor-widget elementor-widget-text-editor\" data-id=\"f914541\" data-element_type=\"widget\" data-e-type=\"widget\" data-widget_type=\"text-editor.default\">\n\t\t\t\t<div class=\"elementor-widget-container\">\n\t\t\t\t\t\t\t\t\t<p>Verl\u00e4ssliche Fahrgastzahlen bilden eine wesentliche Voraussetzung f\u00fcr eine innovative Verkehrsplanung und f\u00fcr die gesamten organisatorischen Abl\u00e4ufe im \u00f6ffentlichen Verkehr. Im Wettbewerb von Verkehrsverb\u00fcnden, Bestellern und Nahverkehrsgesellschaften entstehen zunehmend komplexere Anforderungen und die Nachfrage nach aktuellen Fahrgastzahlen steigt.<\/p><p>\nDas modulare Verkehrsinformations- und -planungssystem <em><strong>vip<\/strong><\/em> unterst\u00fctzt den Verkehrsplaner bei allen Arten von Verkehrserhebungen im \u00f6ffentlichen Personennahverkehr. Durch <strong><em>vip<\/em><\/strong> k\u00f6nnen mit geringem Zeit- und Kostenaufwand Erhebungen geplant und zielgerichtet ausgewertet werden.<\/p>\t\t\t\t\t\t\t\t<\/div>\n\t\t\t\t<\/div>\n\t\t\t\t\t<\/div>\n\t\t<\/div>\n\t\t\t\t\t<\/div>\n\t\t<\/section>\n\t\t\t\t<section class=\"elementor-section elementor-top-section elementor-element elementor-element-05c30c4 elementor-section-height-min-height elementor-section-content-top elementor-section-boxed elementor-section-height-default elementor-section-items-middle\" data-id=\"05c30c4\" data-element_type=\"section\" data-e-type=\"section\">\n\t\t\t\t\t\t<div class=\"elementor-container elementor-column-gap-default\">\n\t\t\t\t\t<div class=\"elementor-column elementor-col-100 elementor-top-column elementor-element elementor-element-2ccabf7\" data-id=\"2ccabf7\" data-element_type=\"column\" data-e-type=\"column\">\n\t\t\t<div class=\"elementor-widget-wrap elementor-element-populated\">\n\t\t\t\t\t\t<div class=\"elementor-element elementor-element-3841560 elementor-widget elementor-widget-text-editor\" data-id=\"3841560\" data-element_type=\"widget\" data-e-type=\"widget\" data-widget_type=\"text-editor.default\">\n\t\t\t\t<div class=\"elementor-widget-container\">\n\t\t\t\t\t\t\t\t\t<p>Was bietet <em><strong>vip<\/strong><\/em>?<\/p>\n<ul>\n \t<li>Unterst\u00fctzung aller g\u00e4ngigen Z\u00e4hlverfahren:\n<ul>\n \t<li>Ein-\/Aussteigerz\u00e4hlung<\/li>\n<\/ul>\n<ul>\n \t<li>Befragung<\/li>\n<\/ul>\n<ul>\n \t<li>Schwerbehindertenerhebung<\/li>\n<\/ul>\n<ul>\n \t<li>\u00dcbersteigerz\u00e4hlung (VRR, VGM\/VRL)<\/li>\n<\/ul>\n<ul>\n \t<li>Querschnitts- und Haltepunktz\u00e4hlung<\/li>\n<\/ul>\n<\/li>\n<\/ul>\n<ul>\n \t<li>Verl\u00e4ssliche Daten f\u00fcr Ihre Verkehrsplanung durch\n<ul>\n \t<li>Verkehrsnachfragematrix<\/li>\n<\/ul>\n<ul>\n \t<li>Linienerfolgsrechnung<\/li>\n<\/ul>\n<ul>\n \t<li>Hochrechnung<\/li>\n<\/ul>\n<\/li>\n<\/ul>\n<ul>\n \t<li>Grundlage f\u00fcr eine gerechte Einnahmeaufteilung in Verkehrsverb\u00fcnden<\/li>\n<\/ul>\n<ul>\n \t<li>Systematische Speicherung und Auswertung\n<ul>\n \t<li>manuell erhobener Daten<\/li>\n<\/ul>\n<ul>\n \t<li>automatisch erfasster Daten (z. B. aus Z\u00e4hlger\u00e4ten, Fahrscheindruckern, Betriebsleitsystem)<\/li>\n<\/ul>\n<\/li>\n<\/ul>\n<ul>\n \t<li>Hilfe von der Konzeption bis zur Auswertung und anschlie\u00dfenden Fortschreibung<\/li>\n<\/ul>\t\t\t\t\t\t\t\t<\/div>\n\t\t\t\t<\/div>\n\t\t\t\t\t<\/div>\n\t\t<\/div>\n\t\t\t\t\t<\/div>\n\t\t<\/section>\n\t\t\t\t<section class=\"elementor-section elementor-top-section elementor-element elementor-element-bb3247b elementor-section-boxed elementor-section-height-default elementor-section-height-default\" data-id=\"bb3247b\" data-element_type=\"section\" data-e-type=\"section\">\n\t\t\t\t\t\t<div class=\"elementor-container elementor-column-gap-default\">\n\t\t\t\t\t<div class=\"elementor-column elementor-col-100 elementor-top-column elementor-element elementor-element-8bd0768\" data-id=\"8bd0768\" data-element_type=\"column\" data-e-type=\"column\">\n\t\t\t<div class=\"elementor-widget-wrap elementor-element-populated\">\n\t\t\t\t\t\t<div class=\"elementor-element elementor-element-2e6944e elementor-widget elementor-widget-image\" data-id=\"2e6944e\" data-element_type=\"widget\" data-e-type=\"widget\" data-widget_type=\"image.default\">\n\t\t\t\t<div class=\"elementor-widget-container\">\n\t\t\t\t\t\t\t\t\t\t\t\t\t\t\t<img fetchpriority=\"high\" decoding=\"async\" width=\"995\" height=\"854\" src=\"https:\/\/www.isidata.de\/wp-content\/uploads\/2025\/05\/ZEAImport995x854.png\" class=\"attachment-large size-large wp-image-1491\" alt=\"\" srcset=\"https:\/\/www.isidata.de\/wp-content\/uploads\/2025\/05\/ZEAImport995x854.png 995w, https:\/\/www.isidata.de\/wp-content\/uploads\/2025\/05\/ZEAImport995x854-300x257.png 300w, https:\/\/www.isidata.de\/wp-content\/uploads\/2025\/05\/ZEAImport995x854-768x659.png 768w\" sizes=\"(max-width: 995px) 100vw, 995px\" \/>\t\t\t\t\t\t\t\t\t\t\t\t\t\t\t<\/div>\n\t\t\t\t<\/div>\n\t\t\t\t\t<\/div>\n\t\t<\/div>\n\t\t\t\t\t<\/div>\n\t\t<\/section>\n\t\t\t\t<\/div>\n\t\t","protected":false},"excerpt":{"rendered":"<p>Verl\u00e4ssliche Fahrgastzahlen bilden eine wesentliche Voraussetzung f\u00fcr eine innovative Verkehrsplanung und f\u00fcr die gesamten organisatorischen Abl\u00e4ufe im \u00f6ffentlichen Verkehr. Im Wettbewerb von Verkehrsverb\u00fcnden, Bestellern und Nahverkehrsgesellschaften entstehen zunehmend komplexere Anforderungen und die Nachfrage nach aktuellen Fahrgastzahlen steigt. Das modulare Verkehrsinformations- und -planungssystem vip unterst\u00fctzt den Verkehrsplaner bei allen Arten von Verkehrserhebungen im \u00f6ffentlichen Personennahverkehr. Durch [&hellip;]<\/p>\n","protected":false},"author":4,"featured_media":0,"parent":0,"menu_order":0,"comment_status":"closed","ping_status":"closed","template":"","meta":{"ocean_post_layout":"","ocean_both_sidebars_style":"","ocean_both_sidebars_content_width":0,"ocean_both_sidebars_sidebars_width":0,"ocean_sidebar":"0","ocean_second_sidebar":"0","ocean_disable_margins":"enable","ocean_add_body_class":"","ocean_shortcode_before_top_bar":"","ocean_shortcode_after_top_bar":"","ocean_shortcode_before_header":"","ocean_shortcode_after_header":"","ocean_has_shortcode":"","ocean_shortcode_after_title":"","ocean_shortcode_before_footer_widgets":"","ocean_shortcode_after_footer_widgets":"","ocean_shortcode_before_footer_bottom":"","ocean_shortcode_after_footer_bottom":"","ocean_display_top_bar":"default","ocean_display_header":"default","ocean_header_style":"","ocean_center_header_left_menu":"0","ocean_custom_header_template":"0","ocean_custom_logo":0,"ocean_custom_retina_logo":0,"ocean_custom_logo_max_width":0,"ocean_custom_logo_tablet_max_width":0,"ocean_custom_logo_mobile_max_width":0,"ocean_custom_logo_max_height":0,"ocean_custom_logo_tablet_max_height":0,"ocean_custom_logo_mobile_max_height":0,"ocean_header_custom_menu":"0","ocean_menu_typo_font_family":"0","ocean_menu_typo_font_subset":"","ocean_menu_typo_font_size":0,"ocean_menu_typo_font_size_tablet":0,"ocean_menu_typo_font_size_mobile":0,"ocean_menu_typo_font_size_unit":"px","ocean_menu_typo_font_weight":"","ocean_menu_typo_font_weight_tablet":"","ocean_menu_typo_font_weight_mobile":"","ocean_menu_typo_transform":"","ocean_menu_typo_transform_tablet":"","ocean_menu_typo_transform_mobile":"","ocean_menu_typo_line_height":0,"ocean_menu_typo_line_height_tablet":0,"ocean_menu_typo_line_height_mobile":0,"ocean_menu_typo_line_height_unit":"","ocean_menu_typo_spacing":0,"ocean_menu_typo_spacing_tablet":0,"ocean_menu_typo_spacing_mobile":0,"ocean_menu_typo_spacing_unit":"","ocean_menu_link_color":"","ocean_menu_link_color_hover":"","ocean_menu_link_color_active":"","ocean_menu_link_background":"","ocean_menu_link_hover_background":"","ocean_menu_link_active_background":"","ocean_menu_social_links_bg":"","ocean_menu_social_hover_links_bg":"","ocean_menu_social_links_color":"","ocean_menu_social_hover_links_color":"","ocean_disable_title":"default","ocean_disable_heading":"default","ocean_post_title":"","ocean_post_subheading":"","ocean_post_title_style":"","ocean_post_title_background_color":"","ocean_post_title_background":0,"ocean_post_title_bg_image_position":"","ocean_post_title_bg_image_attachment":"","ocean_post_title_bg_image_repeat":"","ocean_post_title_bg_image_size":"","ocean_post_title_height":0,"ocean_post_title_bg_overlay":0.5,"ocean_post_title_bg_overlay_color":"","ocean_disable_breadcrumbs":"default","ocean_breadcrumbs_color":"","ocean_breadcrumbs_separator_color":"","ocean_breadcrumbs_links_color":"","ocean_breadcrumbs_links_hover_color":"","ocean_display_footer_widgets":"default","ocean_display_footer_bottom":"default","ocean_custom_footer_template":"0","footnotes":""},"class_list":["post-199","page","type-page","status-publish","hentry","entry"],"_links":{"self":[{"href":"https:\/\/www.isidata.de\/index.php?rest_route=\/wp\/v2\/pages\/199","targetHints":{"allow":["GET"]}}],"collection":[{"href":"https:\/\/www.isidata.de\/index.php?rest_route=\/wp\/v2\/pages"}],"about":[{"href":"https:\/\/www.isidata.de\/index.php?rest_route=\/wp\/v2\/types\/page"}],"author":[{"embeddable":true,"href":"https:\/\/www.isidata.de\/index.php?rest_route=\/wp\/v2\/users\/4"}],"replies":[{"embeddable":true,"href":"https:\/\/www.isidata.de\/index.php?rest_route=%2Fwp%2Fv2%2Fcomments&post=199"}],"version-history":[{"count":44,"href":"https:\/\/www.isidata.de\/index.php?rest_route=\/wp\/v2\/pages\/199\/revisions"}],"predecessor-version":[{"id":1495,"href":"https:\/\/www.isidata.de\/index.php?rest_route=\/wp\/v2\/pages\/199\/revisions\/1495"}],"wp:attachment":[{"href":"https:\/\/www.isidata.de\/index.php?rest_route=%2Fwp%2Fv2%2Fmedia&parent=199"}],"curies":[{"name":"wp","href":"https:\/\/api.w.org\/{rel}","templated":true}]}}